{"id":118,"date":"2022-02-03T11:12:26","date_gmt":"2022-02-03T11:12:26","guid":{"rendered":"https:\/\/construcom.svf.tuke.sk\/index.php\/register\/"},"modified":"2022-02-03T11:14:25","modified_gmt":"2022-02-03T11:14:25","slug":"register","status":"publish","type":"page","link":"https:\/\/construcom.svf.tuke.sk\/index.php\/register\/","title":{"rendered":"Registrova\u0165"},"content":{"rendered":"\n<div class=\"um um-register um-112\">\n\t<div class=\"um-form\" data-mode=\"register\">\n\t\t<form method=\"post\" action=\"\">\n\t\t\t<div class=\"um-row _um_row_1 \" style=\"margin: 0 0 30px 0;\"><div class=\"um-col-1\"><div  id=\"um_field_112_user_login\" class=\"um-field um-field-text  um-field-user_login um-field-text um-field-type_text\" data-key=\"user_login\"><div class=\"um-field-label\"><label for=\"user_login-112\">Username<\/label><div class=\"um-clear\"><\/div><\/div><div class=\"um-field-area\"><input  autocomplete=\"off\" class=\"um-form-field valid \" type=\"text\" name=\"user_login-112\" id=\"user_login-112\" value=\"\" placeholder=\"\" data-validate=\"unique_username\" data-key=\"user_login\"  aria-invalid=\"false\" \/>\n\n\t\t\t\t\t\t<\/div><\/div><div  id=\"um_field_112_first_name\" class=\"um-field um-field-text  um-field-first_name um-field-text um-field-type_text\" data-key=\"first_name\"><div class=\"um-field-label\"><label for=\"first_name-112\">First Name<\/label><div class=\"um-clear\"><\/div><\/div><div class=\"um-field-area\"><input  autocomplete=\"off\" class=\"um-form-field valid \" type=\"text\" name=\"first_name-112\" id=\"first_name-112\" value=\"\" placeholder=\"\" data-validate=\"\" data-key=\"first_name\"  aria-invalid=\"false\" \/>\n\n\t\t\t\t\t\t<\/div><\/div><div  id=\"um_field_112_last_name\" class=\"um-field um-field-text  um-field-last_name um-field-text um-field-type_text\" data-key=\"last_name\"><div class=\"um-field-label\"><label for=\"last_name-112\">Last Name<\/label><div class=\"um-clear\"><\/div><\/div><div class=\"um-field-area\"><input  autocomplete=\"off\" class=\"um-form-field valid \" type=\"text\" name=\"last_name-112\" id=\"last_name-112\" value=\"\" placeholder=\"\" data-validate=\"\" data-key=\"last_name\"  aria-invalid=\"false\" \/>\n\n\t\t\t\t\t\t<\/div><\/div><div  id=\"um_field_112_user_email\" class=\"um-field um-field-text  um-field-user_email um-field-text um-field-type_text\" data-key=\"user_email\"><div class=\"um-field-label\"><label for=\"user_email-112\">E-mail Address<\/label><div class=\"um-clear\"><\/div><\/div><div class=\"um-field-area\"><input  autocomplete=\"off\" class=\"um-form-field valid \" type=\"text\" name=\"user_email-112\" id=\"user_email-112\" value=\"\" placeholder=\"\" data-validate=\"unique_email\" data-key=\"user_email\"  aria-invalid=\"false\" \/>\n\n\t\t\t\t\t\t<\/div><\/div><div  id=\"um_field_112_user_password\" class=\"um-field um-field-password  um-field-user_password um-field-password um-field-type_password\" data-key=\"user_password\"><div class=\"um-field-label\"><label for=\"user_password-112\">Password<\/label><div class=\"um-clear\"><\/div><\/div><div class=\"um-field-area\"><input class=\"um-form-field valid \" type=\"password\" name=\"user_password-112\" id=\"user_password-112\" value=\"\" placeholder=\"\" data-validate=\"\" data-key=\"user_password\"  aria-invalid=\"false\" \/>\n\n\t\t\t\t\t\t\t<\/div><\/div><div  id=\"um_field_112_confirm_user_password\" class=\"um-field um-field-password  um-field-user_password um-field-password um-field-type_password\" data-key=\"confirm_user_password\"><div class=\"um-field-label\"><label for=\"confirm_user_password-112\">Confirm Password<\/label><div class=\"um-clear\"><\/div><\/div><div class=\"um-field-area\"><input class=\"um-form-field valid \" type=\"password\" name=\"confirm_user_password-112\" id=\"confirm_user_password-112\" value=\"\" placeholder=\"Confirm Password\" data-validate=\"\" data-key=\"confirm_user_password\"  aria-invalid=\"false\" \/><\/div><\/div><\/div><\/div>\t<input type=\"hidden\" name=\"form_id\" id=\"form_id_112\" value=\"112\" \/>\n\t\t<p class=\"um_request_name\">\n\t\t<label for=\"um_request_112\">Only fill in if you are not human<\/label>\n\t\t<input type=\"hidden\" name=\"um_request\" id=\"um_request_112\" class=\"input\" value=\"\" size=\"25\" autocomplete=\"off\" \/>\n\t<\/p>\n\t<input type=\"hidden\" id=\"_wpnonce\" name=\"_wpnonce\" value=\"861bd3f64f\" \/><input type=\"hidden\" name=\"_wp_http_referer\" value=\"\/index.php\/wp-json\/wp\/v2\/pages\/118\" \/>\n\t<div class=\"um-col-alt\">\n\n\t\t\n\t\t\t<div class=\"um-left um-half\">\n\t\t\t\t<input type=\"submit\" value=\"Register\" class=\"um-button\" id=\"um-submit-btn\" \/>\n\t\t\t<\/div>\n\t\t\t<div class=\"um-right um-half\">\n\t\t\t\t<a href=\"https:\/\/construcom.svf.tuke.sk\/index.php\/login\/\" class=\"um-button um-alt\">\n\t\t\t\t\tLogin\t\t\t\t<\/a>\n\t\t\t<\/div>\n\n\t\t\n\t\t<div class=\"um-clear\"><\/div>\n\n\t<\/div>\n\n\t\t\t<\/form>\n\t<\/div>\n<\/div>\n<style>\n\t\t\t.um-112.um {\n\t\t\tmax-width: 450px;\n\t\t}\n\t\t<\/style>\n\n","protected":false},"excerpt":{"rendered":"","protected":false},"author":1,"featured_media":0,"parent":0,"menu_order":0,"comment_status":"closed","ping_status":"closed","template":"","meta":{"neve_meta_sidebar":"","neve_meta_container":"","neve_meta_enable_content_width":"","neve_meta_content_width":0,"neve_meta_title_alignment":"","neve_meta_author_avatar":"","neve_post_elements_order":"","neve_meta_disable_header":"","neve_meta_disable_footer":"","neve_meta_disable_title":"","footnotes":""},"class_list":["post-118","page","type-page","status-publish","hentry"],"yoast_head":"<!-- This site is optimized with the Yoast SEO plugin v26.6 - https:\/\/yoast.com\/wordpress\/plugins\/seo\/ -->\n<title>Registrova\u0165 - ConstruCom<\/title>\n<meta name=\"robots\" content=\"index, follow, max-snippet:-1, max-image-preview:large, max-video-preview:-1\" \/>\n<link rel=\"canonical\" href=\"https:\/\/construcom.svf.tuke.sk\/index.php\/register\/\" \/>\n<meta property=\"og:locale\" content=\"sk_SK\" \/>\n<meta property=\"og:type\" content=\"article\" \/>\n<meta property=\"og:title\" content=\"Registrova\u0165 - ConstruCom\" \/>\n<meta property=\"og:url\" content=\"https:\/\/construcom.svf.tuke.sk\/index.php\/register\/\" \/>\n<meta property=\"og:site_name\" content=\"ConstruCom\" \/>\n<meta property=\"article:publisher\" content=\"https:\/\/www.facebook.com\/construcom\/\" \/>\n<meta property=\"article:modified_time\" content=\"2022-02-03T11:14:25+00:00\" \/>\n<meta property=\"og:image\" content=\"https:\/\/construcom.svf.tuke.sk\/wp-content\/uploads\/2022\/02\/SvF.png\" \/>\n\t<meta property=\"og:image:width\" content=\"720\" \/>\n\t<meta property=\"og:image:height\" content=\"432\" \/>\n\t<meta property=\"og:image:type\" content=\"image\/png\" \/>\n<meta name=\"twitter:card\" content=\"summary_large_image\" \/>\n<meta name=\"twitter:label1\" content=\"Predpokladan\u00fd \u010das \u010d\u00edtania\" \/>\n\t<meta name=\"twitter:data1\" content=\"1 min\u00fata\" \/>\n<script type=\"application\/ld+json\" class=\"yoast-schema-graph\">{\"@context\":\"https:\/\/schema.org\",\"@graph\":[{\"@type\":\"WebPage\",\"@id\":\"https:\/\/construcom.svf.tuke.sk\/index.php\/register\/\",\"url\":\"https:\/\/construcom.svf.tuke.sk\/index.php\/register\/\",\"name\":\"Registrova\u0165 - ConstruCom\",\"isPartOf\":{\"@id\":\"https:\/\/construcom.svf.tuke.sk\/#website\"},\"datePublished\":\"2022-02-03T11:12:26+00:00\",\"dateModified\":\"2022-02-03T11:14:25+00:00\",\"breadcrumb\":{\"@id\":\"https:\/\/construcom.svf.tuke.sk\/index.php\/register\/#breadcrumb\"},\"inLanguage\":\"sk-SK\",\"potentialAction\":[{\"@type\":\"ReadAction\",\"target\":[\"https:\/\/construcom.svf.tuke.sk\/index.php\/register\/\"]}]},{\"@type\":\"BreadcrumbList\",\"@id\":\"https:\/\/construcom.svf.tuke.sk\/index.php\/register\/#breadcrumb\",\"itemListElement\":[{\"@type\":\"ListItem\",\"position\":1,\"name\":\"Domovsk\u00e1 str\u00e1nka\",\"item\":\"https:\/\/construcom.svf.tuke.sk\/\"},{\"@type\":\"ListItem\",\"position\":2,\"name\":\"Registrova\u0165\"}]},{\"@type\":\"WebSite\",\"@id\":\"https:\/\/construcom.svf.tuke.sk\/#website\",\"url\":\"https:\/\/construcom.svf.tuke.sk\/\",\"name\":\"ConstruCom\",\"description\":\"Stavb\u00e1rska olympi\u00e1da na Stavebnej fakulte TUKE\",\"potentialAction\":[{\"@type\":\"SearchAction\",\"target\":{\"@type\":\"EntryPoint\",\"urlTemplate\":\"https:\/\/construcom.svf.tuke.sk\/?s={search_term_string}\"},\"query-input\":{\"@type\":\"PropertyValueSpecification\",\"valueRequired\":true,\"valueName\":\"search_term_string\"}}],\"inLanguage\":\"sk-SK\"}]}<\/script>\n<!-- \/ Yoast SEO plugin. -->","yoast_head_json":{"title":"Registrova\u0165 - ConstruCom","robots":{"index":"index","follow":"follow","max-snippet":"max-snippet:-1","max-image-preview":"max-image-preview:large","max-video-preview":"max-video-preview:-1"},"canonical":"https:\/\/construcom.svf.tuke.sk\/index.php\/register\/","og_locale":"sk_SK","og_type":"article","og_title":"Registrova\u0165 - ConstruCom","og_url":"https:\/\/construcom.svf.tuke.sk\/index.php\/register\/","og_site_name":"ConstruCom","article_publisher":"https:\/\/www.facebook.com\/construcom\/","article_modified_time":"2022-02-03T11:14:25+00:00","og_image":[{"width":720,"height":432,"url":"https:\/\/construcom.svf.tuke.sk\/wp-content\/uploads\/2022\/02\/SvF.png","type":"image\/png"}],"twitter_card":"summary_large_image","twitter_misc":{"Predpokladan\u00fd \u010das \u010d\u00edtania":"1 min\u00fata"},"schema":{"@context":"https:\/\/schema.org","@graph":[{"@type":"WebPage","@id":"https:\/\/construcom.svf.tuke.sk\/index.php\/register\/","url":"https:\/\/construcom.svf.tuke.sk\/index.php\/register\/","name":"Registrova\u0165 - ConstruCom","isPartOf":{"@id":"https:\/\/construcom.svf.tuke.sk\/#website"},"datePublished":"2022-02-03T11:12:26+00:00","dateModified":"2022-02-03T11:14:25+00:00","breadcrumb":{"@id":"https:\/\/construcom.svf.tuke.sk\/index.php\/register\/#breadcrumb"},"inLanguage":"sk-SK","potentialAction":[{"@type":"ReadAction","target":["https:\/\/construcom.svf.tuke.sk\/index.php\/register\/"]}]},{"@type":"BreadcrumbList","@id":"https:\/\/construcom.svf.tuke.sk\/index.php\/register\/#breadcrumb","itemListElement":[{"@type":"ListItem","position":1,"name":"Domovsk\u00e1 str\u00e1nka","item":"https:\/\/construcom.svf.tuke.sk\/"},{"@type":"ListItem","position":2,"name":"Registrova\u0165"}]},{"@type":"WebSite","@id":"https:\/\/construcom.svf.tuke.sk\/#website","url":"https:\/\/construcom.svf.tuke.sk\/","name":"ConstruCom","description":"Stavb\u00e1rska olympi\u00e1da na Stavebnej fakulte TUKE","potentialAction":[{"@type":"SearchAction","target":{"@type":"EntryPoint","urlTemplate":"https:\/\/construcom.svf.tuke.sk\/?s={search_term_string}"},"query-input":{"@type":"PropertyValueSpecification","valueRequired":true,"valueName":"search_term_string"}}],"inLanguage":"sk-SK"}]}},"_links":{"self":[{"href":"https:\/\/construcom.svf.tuke.sk\/index.php\/wp-json\/wp\/v2\/pages\/118","targetHints":{"allow":["GET"]}}],"collection":[{"href":"https:\/\/construcom.svf.tuke.sk\/index.php\/wp-json\/wp\/v2\/pages"}],"about":[{"href":"https:\/\/construcom.svf.tuke.sk\/index.php\/wp-json\/wp\/v2\/types\/page"}],"author":[{"embeddable":true,"href":"https:\/\/construcom.svf.tuke.sk\/index.php\/wp-json\/wp\/v2\/users\/1"}],"replies":[{"embeddable":true,"href":"https:\/\/construcom.svf.tuke.sk\/index.php\/wp-json\/wp\/v2\/comments?post=118"}],"version-history":[{"count":1,"href":"https:\/\/construcom.svf.tuke.sk\/index.php\/wp-json\/wp\/v2\/pages\/118\/revisions"}],"predecessor-version":[{"id":124,"href":"https:\/\/construcom.svf.tuke.sk\/index.php\/wp-json\/wp\/v2\/pages\/118\/revisions\/124"}],"wp:attachment":[{"href":"https:\/\/construcom.svf.tuke.sk\/index.php\/wp-json\/wp\/v2\/media?parent=118"}],"curies":[{"name":"wp","href":"https:\/\/api.w.org\/{rel}","templated":true}]}}