{"id":2,"date":"2022-01-31T13:12:19","date_gmt":"2022-01-31T13:12:19","guid":{"rendered":"https:\/\/construcom.svf.tuke.sk\/?page_id=2"},"modified":"2022-10-03T11:10:52","modified_gmt":"2022-10-03T11:10:52","slug":"informacie-o-sutazi-construcom","status":"publish","type":"page","link":"https:\/\/construcom.svf.tuke.sk\/index.php\/informacie-o-sutazi-construcom\/","title":{"rendered":"O s\u00fa\u0165a\u017ei"},"content":{"rendered":"\t\t<div data-elementor-type=\"wp-page\" data-elementor-id=\"2\" class=\"elementor elementor-2\">\n\t\t\t\t\t\t<section class=\"elementor-section elementor-top-section elementor-element elementor-element-666d1455 elementor-section-boxed elementor-section-height-default elementor-section-height-default\" data-id=\"666d1455\" data-element_type=\"section\">\n\t\t\t\t\t\t<div class=\"elementor-container elementor-column-gap-default\">\n\t\t\t\t\t<div class=\"elementor-column elementor-col-100 elementor-top-column elementor-element elementor-element-460bc0e8\" data-id=\"460bc0e8\" data-element_type=\"column\">\n\t\t\t<div class=\"elementor-widget-wrap elementor-element-populated\">\n\t\t\t\t\t\t<div class=\"elementor-element elementor-element-23b4d527 elementor-widget elementor-widget-text-editor\" data-id=\"23b4d527\" data-element_type=\"widget\" data-widget_type=\"text-editor.default\">\n\t\t\t\t<div class=\"elementor-widget-container\">\n\t\t\t\t\t\t\t\t\t<p><\/p>\n<p>R\u00e1d s\u00fa\u0165a\u017e\u00ed\u0161, m\u00e1\u0161 chu\u0165 nau\u010di\u0165 sa nie\u010do nov\u00e9, chce\u0161 uk\u00e1za\u0165 \u010do je v tebe a aspo\u0148 trochu sa zauj\u00edma\u0161 o stavebn\u00edctvo?<\/p>\n<p><span style=\"color: var( --e-global-color-text ); font-family: var( --e-global-typography-text-font-family ), Sans-serif; font-weight: var( --e-global-typography-text-font-weight ); background-color: var(--nv-site-bg); font-size: var(--bodyFontSize); letter-spacing: var(--bodyLetterSpacing); text-transform: var(--bodyTextTransform);\">S\u00fa\u0165a\u017e ConstruCom je ur\u010den\u00e1 pr\u00e1ve pre teba. Ak si \u0161<\/span><span style=\"background-color: var(--nv-site-bg); color: var( --e-global-color-text ); font-family: var( --e-global-typography-text-font-family ), Sans-serif; font-size: var(--bodyFontSize); font-weight: var( --e-global-typography-text-font-weight ); letter-spacing: var(--bodyLetterSpacing); text-transform: var(--bodyTextTransform);\">tudentom strednej odbornej \u0161koly so zameran\u00edm na stavebn\u00edctvo alebo in\u00fd technick\u00fd odbor, pr\u00edpadne \u0161tuduje\u0161 na gymn\u00e1ziu alebo \u0165a len jednoducho zauj\u00edma stavebn\u00edctvo, zapoj sa do s\u00fa\u0165a\u017ee ConstruCom. Prever\u00ed\u0161 si svoje znalosti, nie\u010do nov\u00e9 sa ur\u010dite aj dozvie\u0161, spozn\u00e1\u0161 nov\u00fdch \u013eud\u00ed a navy\u0161e m\u00f4\u017ee\u0161 vyhra\u0165 zauj\u00edmav\u00e9 ceny.<\/span><\/p>\n<h6><a href=\"https:\/\/construcom.svf.tuke.sk\/index.php\/ulohy\/\" rel=\"noopener\">Tak nev\u00e1haj a po\u010f na to!<\/a><\/h6>\n<p><span style=\"color: var( --e-global-color-text ); font-family: var( --e-global-typography-text-font-family ), Sans-serif; font-weight: var( --e-global-typography-text-font-weight ); background-color: var(--nv-site-bg); font-size: var(--bodyFontSize); letter-spacing: var(--bodyLetterSpacing); text-transform: var(--bodyTextTransform);\">Pozri si\u00a0<\/span><a href=\"https:\/\/construcom.svf.tuke.sk\/wp-content\/uploads\/construcom2023\/ConstruCom_statut_2022-10.pdf\" target=\"_blank\" rel=\"noopener\">\u0160tat\u00fat s\u00fa\u0165a\u017ee ConstruCom<\/a><span style=\"color: var( --e-global-color-text ); font-family: var( --e-global-typography-text-font-family ), Sans-serif; font-weight: var( --e-global-typography-text-font-weight ); background-color: var(--nv-site-bg); font-size: var(--bodyFontSize); letter-spacing: var(--bodyLetterSpacing); text-transform: var(--bodyTextTransform);\">, kde n\u00e1jde\u0161 aj \u00fapln\u00e9 pravidl\u00e1 s\u00fa\u0165a\u017ee.\u00a0<\/span><\/p>\n<p><\/p>\t\t\t\t\t\t\t\t<\/div>\n\t\t\t\t<\/div>\n\t\t\t\t\t<\/div>\n\t\t<\/div>\n\t\t\t\t\t<\/div>\n\t\t<\/section>\n\t\t\t\t<section class=\"elementor-section elementor-top-section elementor-element elementor-element-5c6f36e elementor-section-boxed elementor-section-height-default elementor-section-height-default\" data-id=\"5c6f36e\" data-element_type=\"section\">\n\t\t\t\t\t\t<div class=\"elementor-container elementor-column-gap-default\">\n\t\t\t\t\t<div class=\"elementor-column elementor-col-100 elementor-top-column elementor-element elementor-element-60fac48\" data-id=\"60fac48\" data-element_type=\"column\">\n\t\t\t<div class=\"elementor-widget-wrap elementor-element-populated\">\n\t\t\t\t\t\t<div class=\"elementor-element elementor-element-acc074b elementor-widget elementor-widget-image\" data-id=\"acc074b\" data-element_type=\"widget\" data-widget_type=\"image.default\">\n\t\t\t\t<div class=\"elementor-widget-container\">\n\t\t\t\t\t\t\t\t\t\t\t\t\t\t\t<img fetchpriority=\"high\" decoding=\"async\" width=\"1024\" height=\"682\" src=\"https:\/\/construcom.svf.tuke.sk\/wp-content\/uploads\/2022\/02\/fotolia_20062484_m-1024x682.jpg\" class=\"attachment-large size-large wp-image-46\" alt=\"\" srcset=\"https:\/\/construcom.svf.tuke.sk\/wp-content\/uploads\/2022\/02\/fotolia_20062484_m-1024x682.jpg 1024w, https:\/\/construcom.svf.tuke.sk\/wp-content\/uploads\/2022\/02\/fotolia_20062484_m-300x200.jpg 300w, https:\/\/construcom.svf.tuke.sk\/wp-content\/uploads\/2022\/02\/fotolia_20062484_m-768x512.jpg 768w, https:\/\/construcom.svf.tuke.sk\/wp-content\/uploads\/2022\/02\/fotolia_20062484_m-1536x1024.jpg 1536w, https:\/\/construcom.svf.tuke.sk\/wp-content\/uploads\/2022\/02\/fotolia_20062484_m-930x620.jpg 930w, https:\/\/construcom.svf.tuke.sk\/wp-content\/uploads\/2022\/02\/fotolia_20062484_m.jpg 1688w\" sizes=\"(max-width: 1024px) 100vw, 1024px\" \/>\t\t\t\t\t\t\t\t\t\t\t\t\t\t\t<\/div>\n\t\t\t\t<\/div>\n\t\t\t\t\t<\/div>\n\t\t<\/div>\n\t\t\t\t\t<\/div>\n\t\t<\/section>\n\t\t\t\t<\/div>\n\t\t","protected":false},"excerpt":{"rendered":"<p>R\u00e1d s\u00fa\u0165a\u017e\u00ed\u0161, m\u00e1\u0161 chu\u0165 nau\u010di\u0165 sa nie\u010do nov\u00e9, chce\u0161 uk\u00e1za\u0165 \u010do je v tebe a aspo\u0148 trochu sa zauj\u00edma\u0161 o stavebn\u00edctvo? S\u00fa\u0165a\u017e ConstruCom je ur\u010den\u00e1 pr\u00e1ve pre teba. Ak si \u0161tudentom strednej odbornej \u0161koly so zameran\u00edm na stavebn\u00edctvo alebo in\u00fd technick\u00fd odbor, pr\u00edpadne \u0161tuduje\u0161 na gymn\u00e1ziu alebo \u0165a len jednoducho zauj\u00edma stavebn\u00edctvo, zapoj sa do&hellip;&nbsp;<a href=\"https:\/\/construcom.svf.tuke.sk\/index.php\/informacie-o-sutazi-construcom\/\" class=\"\" rel=\"bookmark\">\u010c\u00edta\u0165 viac &raquo;<span class=\"screen-reader-text\">O s\u00fa\u0165a\u017ei<\/span><\/a><\/p>\n","protected":false},"author":1,"featured_media":0,"parent":0,"menu_order":0,"comment_status":"closed","ping_status":"open","template":"","meta":{"neve_meta_sidebar":"","neve_meta_container":"","neve_meta_enable_content_width":"","neve_meta_content_width":0,"neve_meta_title_alignment":"","neve_meta_author_avatar":"","neve_post_elements_order":"","neve_meta_disable_header":"","neve_meta_disable_footer":"","neve_meta_disable_title":"","footnotes":""},"class_list":["post-2","page","type-page","status-publish","hentry"],"yoast_head":"<!-- This site is optimized with the Yoast SEO plugin v26.6 - https:\/\/yoast.com\/wordpress\/plugins\/seo\/ -->\n<title>O s\u00fa\u0165a\u017ei - ConstruCom<\/title>\n<meta name=\"description\" content=\"S\u00fa\u0165a\u017e pre mlad\u00fdch stavb\u00e1rov - stavebn\u00e1 olympi\u00e1da, ur\u010den\u00e9 pre \u0161tudentov stredn\u00fdch \u0161k\u00f4l so z\u00e1ujmom o stavebn\u00edctvo.\" \/>\n<meta name=\"robots\" content=\"index, follow, max-snippet:-1, max-image-preview:large, max-video-preview:-1\" \/>\n<link rel=\"canonical\" href=\"https:\/\/construcom.svf.tuke.sk\/index.php\/informacie-o-sutazi-construcom\/\" \/>\n<meta property=\"og:locale\" content=\"sk_SK\" \/>\n<meta property=\"og:type\" content=\"article\" \/>\n<meta property=\"og:title\" content=\"O s\u00fa\u0165a\u017ei - ConstruCom\" \/>\n<meta property=\"og:description\" content=\"S\u00fa\u0165a\u017e pre mlad\u00fdch stavb\u00e1rov - stavebn\u00e1 olympi\u00e1da, ur\u010den\u00e9 pre \u0161tudentov stredn\u00fdch \u0161k\u00f4l so z\u00e1ujmom o stavebn\u00edctvo.\" \/>\n<meta property=\"og:url\" content=\"https:\/\/construcom.svf.tuke.sk\/index.php\/informacie-o-sutazi-construcom\/\" \/>\n<meta property=\"og:site_name\" content=\"ConstruCom\" \/>\n<meta property=\"article:publisher\" content=\"https:\/\/www.facebook.com\/construcom\/\" \/>\n<meta property=\"article:modified_time\" content=\"2022-10-03T11:10:52+00:00\" \/>\n<meta property=\"og:image\" content=\"https:\/\/construcom.svf.tuke.sk\/wp-content\/uploads\/2022\/02\/fotolia_20062484_m-1024x682.jpg\" \/>\n<meta name=\"twitter:card\" content=\"summary_large_image\" \/>\n<meta name=\"twitter:label1\" content=\"Predpokladan\u00fd \u010das \u010d\u00edtania\" \/>\n\t<meta name=\"twitter:data1\" content=\"1 min\u00fata\" \/>\n<script type=\"application\/ld+json\" class=\"yoast-schema-graph\">{\"@context\":\"https:\/\/schema.org\",\"@graph\":[{\"@type\":\"WebPage\",\"@id\":\"https:\/\/construcom.svf.tuke.sk\/index.php\/informacie-o-sutazi-construcom\/\",\"url\":\"https:\/\/construcom.svf.tuke.sk\/index.php\/informacie-o-sutazi-construcom\/\",\"name\":\"O s\u00fa\u0165a\u017ei - ConstruCom\",\"isPartOf\":{\"@id\":\"https:\/\/construcom.svf.tuke.sk\/#website\"},\"primaryImageOfPage\":{\"@id\":\"https:\/\/construcom.svf.tuke.sk\/index.php\/informacie-o-sutazi-construcom\/#primaryimage\"},\"image\":{\"@id\":\"https:\/\/construcom.svf.tuke.sk\/index.php\/informacie-o-sutazi-construcom\/#primaryimage\"},\"thumbnailUrl\":\"https:\/\/construcom.svf.tuke.sk\/wp-content\/uploads\/2022\/02\/fotolia_20062484_m-1024x682.jpg\",\"datePublished\":\"2022-01-31T13:12:19+00:00\",\"dateModified\":\"2022-10-03T11:10:52+00:00\",\"description\":\"S\u00fa\u0165a\u017e pre mlad\u00fdch stavb\u00e1rov - stavebn\u00e1 olympi\u00e1da, ur\u010den\u00e9 pre \u0161tudentov stredn\u00fdch \u0161k\u00f4l so z\u00e1ujmom o stavebn\u00edctvo.\",\"breadcrumb\":{\"@id\":\"https:\/\/construcom.svf.tuke.sk\/index.php\/informacie-o-sutazi-construcom\/#breadcrumb\"},\"inLanguage\":\"sk-SK\",\"potentialAction\":[{\"@type\":\"ReadAction\",\"target\":[\"https:\/\/construcom.svf.tuke.sk\/index.php\/informacie-o-sutazi-construcom\/\"]}]},{\"@type\":\"ImageObject\",\"inLanguage\":\"sk-SK\",\"@id\":\"https:\/\/construcom.svf.tuke.sk\/index.php\/informacie-o-sutazi-construcom\/#primaryimage\",\"url\":\"https:\/\/construcom.svf.tuke.sk\/wp-content\/uploads\/2022\/02\/fotolia_20062484_m.jpg\",\"contentUrl\":\"https:\/\/construcom.svf.tuke.sk\/wp-content\/uploads\/2022\/02\/fotolia_20062484_m.jpg\",\"width\":1688,\"height\":1125},{\"@type\":\"BreadcrumbList\",\"@id\":\"https:\/\/construcom.svf.tuke.sk\/index.php\/informacie-o-sutazi-construcom\/#breadcrumb\",\"itemListElement\":[{\"@type\":\"ListItem\",\"position\":1,\"name\":\"Domovsk\u00e1 str\u00e1nka\",\"item\":\"https:\/\/construcom.svf.tuke.sk\/\"},{\"@type\":\"ListItem\",\"position\":2,\"name\":\"O s\u00fa\u0165a\u017ei\"}]},{\"@type\":\"WebSite\",\"@id\":\"https:\/\/construcom.svf.tuke.sk\/#website\",\"url\":\"https:\/\/construcom.svf.tuke.sk\/\",\"name\":\"ConstruCom\",\"description\":\"Stavb\u00e1rska olympi\u00e1da na Stavebnej fakulte TUKE\",\"potentialAction\":[{\"@type\":\"SearchAction\",\"target\":{\"@type\":\"EntryPoint\",\"urlTemplate\":\"https:\/\/construcom.svf.tuke.sk\/?s={search_term_string}\"},\"query-input\":{\"@type\":\"PropertyValueSpecification\",\"valueRequired\":true,\"valueName\":\"search_term_string\"}}],\"inLanguage\":\"sk-SK\"}]}<\/script>\n<!-- \/ Yoast SEO plugin. -->","yoast_head_json":{"title":"O s\u00fa\u0165a\u017ei - ConstruCom","description":"S\u00fa\u0165a\u017e pre mlad\u00fdch stavb\u00e1rov - stavebn\u00e1 olympi\u00e1da, ur\u010den\u00e9 pre \u0161tudentov stredn\u00fdch \u0161k\u00f4l so z\u00e1ujmom o stavebn\u00edctvo.","robots":{"index":"index","follow":"follow","max-snippet":"max-snippet:-1","max-image-preview":"max-image-preview:large","max-video-preview":"max-video-preview:-1"},"canonical":"https:\/\/construcom.svf.tuke.sk\/index.php\/informacie-o-sutazi-construcom\/","og_locale":"sk_SK","og_type":"article","og_title":"O s\u00fa\u0165a\u017ei - ConstruCom","og_description":"S\u00fa\u0165a\u017e pre mlad\u00fdch stavb\u00e1rov - stavebn\u00e1 olympi\u00e1da, ur\u010den\u00e9 pre \u0161tudentov stredn\u00fdch \u0161k\u00f4l so z\u00e1ujmom o stavebn\u00edctvo.","og_url":"https:\/\/construcom.svf.tuke.sk\/index.php\/informacie-o-sutazi-construcom\/","og_site_name":"ConstruCom","article_publisher":"https:\/\/www.facebook.com\/construcom\/","article_modified_time":"2022-10-03T11:10:52+00:00","og_image":[{"url":"https:\/\/construcom.svf.tuke.sk\/wp-content\/uploads\/2022\/02\/fotolia_20062484_m-1024x682.jpg","type":"","width":"","height":""}],"twitter_card":"summary_large_image","twitter_misc":{"Predpokladan\u00fd \u010das \u010d\u00edtania":"1 min\u00fata"},"schema":{"@context":"https:\/\/schema.org","@graph":[{"@type":"WebPage","@id":"https:\/\/construcom.svf.tuke.sk\/index.php\/informacie-o-sutazi-construcom\/","url":"https:\/\/construcom.svf.tuke.sk\/index.php\/informacie-o-sutazi-construcom\/","name":"O s\u00fa\u0165a\u017ei - ConstruCom","isPartOf":{"@id":"https:\/\/construcom.svf.tuke.sk\/#website"},"primaryImageOfPage":{"@id":"https:\/\/construcom.svf.tuke.sk\/index.php\/informacie-o-sutazi-construcom\/#primaryimage"},"image":{"@id":"https:\/\/construcom.svf.tuke.sk\/index.php\/informacie-o-sutazi-construcom\/#primaryimage"},"thumbnailUrl":"https:\/\/construcom.svf.tuke.sk\/wp-content\/uploads\/2022\/02\/fotolia_20062484_m-1024x682.jpg","datePublished":"2022-01-31T13:12:19+00:00","dateModified":"2022-10-03T11:10:52+00:00","description":"S\u00fa\u0165a\u017e pre mlad\u00fdch stavb\u00e1rov - stavebn\u00e1 olympi\u00e1da, ur\u010den\u00e9 pre \u0161tudentov stredn\u00fdch \u0161k\u00f4l so z\u00e1ujmom o stavebn\u00edctvo.","breadcrumb":{"@id":"https:\/\/construcom.svf.tuke.sk\/index.php\/informacie-o-sutazi-construcom\/#breadcrumb"},"inLanguage":"sk-SK","potentialAction":[{"@type":"ReadAction","target":["https:\/\/construcom.svf.tuke.sk\/index.php\/informacie-o-sutazi-construcom\/"]}]},{"@type":"ImageObject","inLanguage":"sk-SK","@id":"https:\/\/construcom.svf.tuke.sk\/index.php\/informacie-o-sutazi-construcom\/#primaryimage","url":"https:\/\/construcom.svf.tuke.sk\/wp-content\/uploads\/2022\/02\/fotolia_20062484_m.jpg","contentUrl":"https:\/\/construcom.svf.tuke.sk\/wp-content\/uploads\/2022\/02\/fotolia_20062484_m.jpg","width":1688,"height":1125},{"@type":"BreadcrumbList","@id":"https:\/\/construcom.svf.tuke.sk\/index.php\/informacie-o-sutazi-construcom\/#breadcrumb","itemListElement":[{"@type":"ListItem","position":1,"name":"Domovsk\u00e1 str\u00e1nka","item":"https:\/\/construcom.svf.tuke.sk\/"},{"@type":"ListItem","position":2,"name":"O s\u00fa\u0165a\u017ei"}]},{"@type":"WebSite","@id":"https:\/\/construcom.svf.tuke.sk\/#website","url":"https:\/\/construcom.svf.tuke.sk\/","name":"ConstruCom","description":"Stavb\u00e1rska olympi\u00e1da na Stavebnej fakulte TUKE","potentialAction":[{"@type":"SearchAction","target":{"@type":"EntryPoint","urlTemplate":"https:\/\/construcom.svf.tuke.sk\/?s={search_term_string}"},"query-input":{"@type":"PropertyValueSpecification","valueRequired":true,"valueName":"search_term_string"}}],"inLanguage":"sk-SK"}]}},"_links":{"self":[{"href":"https:\/\/construcom.svf.tuke.sk\/index.php\/wp-json\/wp\/v2\/pages\/2","targetHints":{"allow":["GET"]}}],"collection":[{"href":"https:\/\/construcom.svf.tuke.sk\/index.php\/wp-json\/wp\/v2\/pages"}],"about":[{"href":"https:\/\/construcom.svf.tuke.sk\/index.php\/wp-json\/wp\/v2\/types\/page"}],"author":[{"embeddable":true,"href":"https:\/\/construcom.svf.tuke.sk\/index.php\/wp-json\/wp\/v2\/users\/1"}],"replies":[{"embeddable":true,"href":"https:\/\/construcom.svf.tuke.sk\/index.php\/wp-json\/wp\/v2\/comments?post=2"}],"version-history":[{"count":39,"href":"https:\/\/construcom.svf.tuke.sk\/index.php\/wp-json\/wp\/v2\/pages\/2\/revisions"}],"predecessor-version":[{"id":331,"href":"https:\/\/construcom.svf.tuke.sk\/index.php\/wp-json\/wp\/v2\/pages\/2\/revisions\/331"}],"wp:attachment":[{"href":"https:\/\/construcom.svf.tuke.sk\/index.php\/wp-json\/wp\/v2\/media?parent=2"}],"curies":[{"name":"wp","href":"https:\/\/api.w.org\/{rel}","templated":true}]}}